{"id":129,"date":"2024-05-10T17:51:08","date_gmt":"2024-05-10T22:51:08","guid":{"rendered":"https:\/\/my.vanderbilt.edu\/constructivefunctions2025\/?page_id=129"},"modified":"2025-04-21T15:06:27","modified_gmt":"2025-04-21T20:06:27","slug":"minisymposia","status":"publish","type":"page","link":"https:\/\/my.vanderbilt.edu\/constructivefunctions2025\/scientificprogram\/minisymposia\/","title":{"rendered":"Minisymposia"},"content":{"rendered":"<p><span class=\"fabric-text-color-mark\" data-renderer-mark=\"true\" data-text-custom-color=\"#172b4d\">Current list of minisymposia and their organizers:<\/span><\/p>\n<p><strong data-renderer-mark=\"true\"><span class=\"fabric-text-color-mark\" data-renderer-mark=\"true\" data-text-custom-color=\"#172b4d\">Inverse Source Problems and Approximations.<\/span><\/strong><span class=\"fabric-text-color-mark\" data-renderer-mark=\"true\" data-text-custom-color=\"#172b4d\"> Organizers: Laurent Baratchart (INRIA-Universit\u00e9 C\u00f4te d&#8217;Azur) and Dmitry Ponomarev (INRIA-Universit\u00e9 C\u00f4te d&#8217;Azur)<\/span><\/p>\n<p><strong data-renderer-mark=\"true\"><span class=\"fabric-text-color-mark\" data-renderer-mark=\"true\" data-text-custom-color=\"#172b4d\">Energy Minimization, Discrepancy, and Potential Theory.<\/span><\/strong><span class=\"fabric-text-color-mark\" data-renderer-mark=\"true\" data-text-custom-color=\"#172b4d\"> Organizers: Dmitriy Bilyk (University of Minnesota), Peter Grabner (Technische Universit\u00e4t Graz), and Aleksandr Reznikov (Florida State University)<\/span><\/p>\n<p><strong data-renderer-mark=\"true\"><span class=\"fabric-text-color-mark\" data-renderer-mark=\"true\" data-text-custom-color=\"#172b4d\">Spherical Codes and Designs.<\/span><\/strong><span class=\"fabric-text-color-mark\" data-renderer-mark=\"true\" data-text-custom-color=\"#172b4d\"> Organizers: Sergiy Borodachov (Towson University), Peter Boyvalenkov (Bulgarian Academy of Sciences), and Maya Stoyanova (Sofia University)<\/span><\/p>\n<p><strong data-renderer-mark=\"true\"><span class=\"fabric-text-color-mark\" data-renderer-mark=\"true\" data-text-custom-color=\"#172b4d\">Not Only Polynomials: New Perspectives on Multivariate Approximation<\/span><\/strong><span class=\"fabric-text-color-mark\" data-renderer-mark=\"true\" data-text-custom-color=\"#172b4d\">. Organizers: Ludovico Bruni (<span data-sheets-root=\"1\">Istituto Nazionale di Alta Matematica<\/span>), Stefano De Marchi (Universit\u00e0 di Padova), and Giacomo Elefante (Universit\u00e0 di Torino)<\/span><\/p>\n<p><strong data-renderer-mark=\"true\"><span class=\"fabric-text-color-mark\" data-renderer-mark=\"true\" data-text-custom-color=\"#172b4d\">Advances on Coulomb and Riesz Gases<\/span><\/strong><span class=\"fabric-text-color-mark\" data-renderer-mark=\"true\" data-text-custom-color=\"#172b4d\">. Organizer: Djalil Chafa\u00ef (Paris-Dauphine and ENS PSL)<\/span><\/p>\n<p><strong data-renderer-mark=\"true\"><span class=\"fabric-text-color-mark\" data-renderer-mark=\"true\" data-text-custom-color=\"#172b4d\">Constructive Approximation and Equilibrium Problems \u2013 Related Topics and Applications.<\/span><\/strong><span class=\"fabric-text-color-mark\" data-renderer-mark=\"true\" data-text-custom-color=\"#172b4d\"> Organizers: Peter Dragnev (Purdue University Fort Wayne), Alan Legg (Purdue University Fort Wayne), and Ramon Orive (University La Laguna)<\/span><\/p>\n<p><strong data-renderer-mark=\"true\"><span class=\"fabric-text-color-mark\" data-renderer-mark=\"true\" data-text-custom-color=\"#172b4d\">Applied and Computational Complex Analysis<\/span><\/strong><span class=\"fabric-text-color-mark\" data-renderer-mark=\"true\" data-text-custom-color=\"#172b4d\">. Organizers: Christopher Green (Wichita State University) and Mohamed Nasser (Wichita State University)<\/span><\/p>\n<p><strong data-renderer-mark=\"true\"><span class=\"fabric-text-color-mark\" data-renderer-mark=\"true\" data-text-custom-color=\"#172b4d\">Kernel Methods for Partial Differential Equations on Manifolds<\/span><\/strong><span class=\"fabric-text-color-mark\" data-renderer-mark=\"true\" data-text-custom-color=\"#172b4d\">. Organizers: Thomas Hangelbroek (University of Hawai&#8217;i &#8211; M\u0101noa) and Christian Rieger (Philipps-Universit\u00e4t Marburg)<\/span><\/p>\n<p><strong data-renderer-mark=\"true\"><span class=\"fabric-text-color-mark\" data-renderer-mark=\"true\" data-text-custom-color=\"#172b4d\">Extremal Problems and Spectral Theory of Soliton Gases for Integrable Systems<\/span><\/strong><span class=\"fabric-text-color-mark\" data-renderer-mark=\"true\" data-text-custom-color=\"#172b4d\">. Organizers: Robert Jenkins (University of Central Florida) and Alexander Tovbis (University of Central Florida)<\/span><\/p>\n<p><strong data-renderer-mark=\"true\"><span class=\"fabric-text-color-mark\" data-renderer-mark=\"true\" data-text-custom-color=\"#172b4d\">Symmetric Subspace Configurations<\/span><\/strong><span class=\"fabric-text-color-mark\" data-renderer-mark=\"true\" data-text-custom-color=\"#172b4d\">. Organizers: Emily King (Colorado State University) and Dustin Mixon (The Ohio State University)<\/span><\/p>\n<p><strong data-renderer-mark=\"true\"><span class=\"fabric-text-color-mark\" data-renderer-mark=\"true\" data-text-custom-color=\"#172b4d\">Orthogonal Polynomials and Applications<\/span><\/strong><span class=\"fabric-text-color-mark\" data-renderer-mark=\"true\" data-text-custom-color=\"#172b4d\">. Organizers: Abey L\u00f3pez-Garc\u00eda (University of Central Florida), Erwin Mi\u00f1a-D\u00edaz (University of Mississippi), and Brian Simanek (Baylor University)<\/span><\/p>\n<p><strong data-renderer-mark=\"true\"><span class=\"fabric-text-color-mark\" data-renderer-mark=\"true\" data-text-custom-color=\"#172b4d\">Functions of a Complex Variable.<\/span><\/strong><span class=\"fabric-text-color-mark\" data-renderer-mark=\"true\" data-text-custom-color=\"#172b4d\"> Organizers: Alex Solynin (Texas Tech University) and G. Brock Williams (Texas Tech University)<\/span><\/p>\n<p><strong>Multivariate Splines and their Applications.<\/strong> Organizers: Tatyana Sorokina (Towson University)<\/p>\n<p><strong data-renderer-mark=\"true\"><span class=\"fabric-text-color-mark\" data-renderer-mark=\"true\" data-text-custom-color=\"#172b4d\">Approximation Theory, PDE and Applications<\/span><\/strong><span class=\"fabric-text-color-mark\" data-renderer-mark=\"true\" data-text-custom-color=\"#172b4d\">. Organizer: Alex Stokolos (Georgia Southern University)<\/span><\/p>\n<p><strong data-renderer-mark=\"true\"><span class=\"fabric-text-color-mark\" data-renderer-mark=\"true\" data-text-custom-color=\"#172b4d\">Orthogonal Polynomials, Integrable Systems, and Riemann-Hilbert Problems<\/span><\/strong><span class=\"fabric-text-color-mark\" data-renderer-mark=\"true\" data-text-custom-color=\"#172b4d\">. Organizer: Maxim Yattselev (Indiana University Indianapolis)<\/span><\/p>\n","protected":false},"excerpt":{"rendered":"<p>Current list of minisymposia and their organizers: Inverse Source Problems and Approximations. Organizers: Laurent Baratchart (INRIA-Universit\u00e9 C\u00f4te d&#8217;Azur) and Dmitry Ponomarev (INRIA-Universit\u00e9 C\u00f4te d&#8217;Azur) Energy Minimization, Discrepancy, and Potential Theory. Organizers: Dmitriy Bilyk (University of Minnesota), Peter Grabner (Technische Universit\u00e4t Graz), and Aleksandr Reznikov (Florida State University) Spherical Codes and Designs. Organizers: Sergiy Borodachov (Towson&#8230;<\/p>\n","protected":false},"author":10006,"featured_media":0,"parent":5,"menu_order":2,"comment_status":"closed","ping_status":"closed","template":"","meta":{"footnotes":""},"tags":[],"class_list":["post-129","page","type-page","status-publish","hentry"],"_links":{"self":[{"href":"https:\/\/my.vanderbilt.edu\/constructivefunctions2025\/wp-json\/wp\/v2\/pages\/129","targetHints":{"allow":["GET"]}}],"collection":[{"href":"https:\/\/my.vanderbilt.edu\/constructivefunctions2025\/wp-json\/wp\/v2\/pages"}],"about":[{"href":"https:\/\/my.vanderbilt.edu\/constructivefunctions2025\/wp-json\/wp\/v2\/types\/page"}],"author":[{"embeddable":true,"href":"https:\/\/my.vanderbilt.edu\/constructivefunctions2025\/wp-json\/wp\/v2\/users\/10006"}],"replies":[{"embeddable":true,"href":"https:\/\/my.vanderbilt.edu\/constructivefunctions2025\/wp-json\/wp\/v2\/comments?post=129"}],"version-history":[{"count":8,"href":"https:\/\/my.vanderbilt.edu\/constructivefunctions2025\/wp-json\/wp\/v2\/pages\/129\/revisions"}],"predecessor-version":[{"id":223,"href":"https:\/\/my.vanderbilt.edu\/constructivefunctions2025\/wp-json\/wp\/v2\/pages\/129\/revisions\/223"}],"up":[{"embeddable":true,"href":"https:\/\/my.vanderbilt.edu\/constructivefunctions2025\/wp-json\/wp\/v2\/pages\/5"}],"wp:attachment":[{"href":"https:\/\/my.vanderbilt.edu\/constructivefunctions2025\/wp-json\/wp\/v2\/media?parent=129"}],"wp:term":[{"taxonomy":"post_tag","embeddable":true,"href":"https:\/\/my.vanderbilt.edu\/constructivefunctions2025\/wp-json\/wp\/v2\/tags?post=129"}],"curies":[{"name":"wp","href":"https:\/\/api.w.org\/{rel}","templated":true}]}}